{"id":1218,"date":"2015-03-19T11:56:23","date_gmt":"2015-03-19T10:56:23","guid":{"rendered":"http:\/\/www.riibygard.se\/wp-content\/uploads\/2015\/03\/\u00d6vernattningsl\u00e4ger-p\u00e5sk-2015.doc"},"modified":"2015-03-19T11:56:23","modified_gmt":"2015-03-19T10:56:23","slug":"overnattningslager-pask-2015","status":"inherit","type":"attachment","link":"https:\/\/www.riibygard.se\/?attachment_id=1218","title":{"rendered":"\u00d6vernattningsl\u00e4ger p\u00e5sk 2015"},"author":2,"featured_media":0,"comment_status":"open","ping_status":"open","template":"","meta":{"ngg_post_thumbnail":0},"class_list":["post-1218","attachment","type-attachment","status-inherit","hentry"],"description":{"rendered":"<p class=\"attachment\"><a href='https:\/\/www.riibygard.se\/wp-content\/uploads\/2015\/03\/\u00d6vernattningsl\u00e4ger-p\u00e5sk-2015.doc'>\u00d6vernattningsl\u00e4ger p\u00e5sk 2015<\/a><\/p>\n"},"caption":{"rendered":"<p>\u00d6vernattningsl\u00e4ger p\u00e5sk 2015<\/p>\n"},"alt_text":"","media_type":"file","mime_type":"application\/msword","media_details":{},"post":1216,"source_url":"https:\/\/www.riibygard.se\/wp-content\/uploads\/2015\/03\/\u00d6vernattningsl\u00e4ger-p\u00e5sk-2015.doc","_links":{"self":[{"href":"https:\/\/www.riibygard.se\/index.php?rest_route=\/wp\/v2\/media\/1218","targetHints":{"allow":["GET"]}}],"collection":[{"href":"https:\/\/www.riibygard.se\/index.php?rest_route=\/wp\/v2\/media"}],"about":[{"href":"https:\/\/www.riibygard.se\/index.php?rest_route=\/wp\/v2\/types\/attachment"}],"author":[{"embeddable":true,"href":"https:\/\/www.riibygard.se\/index.php?rest_route=\/wp\/v2\/users\/2"}],"replies":[{"embeddable":true,"href":"https:\/\/www.riibygard.se\/index.php?rest_route=%2Fwp%2Fv2%2Fcomments&post=1218"}],"wp:attached-to":[{"embeddable":true,"post_type":"post","id":1216,"href":"https:\/\/www.riibygard.se\/index.php?rest_route=\/wp\/v2\/posts\/1216"}],"curies":[{"name":"wp","href":"https:\/\/api.w.org\/{rel}","templated":true}]}}

http://www.riibygard.se/wp-content/uploads/2015/03/Övernattningsläger-påsk-2015.doc

Övernattningsläger påsk 2015

<p class="attachment"><a href='https://www.riibygard.se/wp-content/uploads/2015/03/Övernattningsläger-påsk-2015.doc'>Övernattningsläger påsk 2015</a></p>

<p>Övernattningsläger påsk 2015</p>

https://www.riibygard.se/wp-content/uploads/2015/03/Övernattningsläger-påsk-2015.doc
