{"id":10,"date":"2009-12-29T14:10:31","date_gmt":"2009-12-29T14:10:31","guid":{"rendered":"http:\/\/www.riibygard.se\/?page_id=10"},"modified":"2024-07-01T21:24:17","modified_gmt":"2024-07-01T19:24:17","slug":"turridning","status":"publish","type":"page","link":"https:\/\/www.riibygard.se\/?page_id=10","title":{"rendered":"TURRIDNING"},"content":{"rendered":"\t\t<div data-elementor-type=\"wp-page\" data-elementor-id=\"10\" class=\"elementor elementor-10\">\n\t\t\t\t\t\t<section class=\"elementor-section elementor-top-section elementor-element elementor-element-bccec33 elementor-section-boxed elementor-section-height-default elementor-section-height-default\" data-id=\"bccec33\" data-element_type=\"section\" data-e-type=\"section\">\n\t\t\t\t\t\t<div class=\"elementor-container elementor-column-gap-default\">\n\t\t\t\t\t<div class=\"elementor-column elementor-col-100 elementor-top-column elementor-element elementor-element-4094c49\" data-id=\"4094c49\" data-element_type=\"column\" data-e-type=\"column\">\n\t\t\t<div class=\"elementor-widget-wrap elementor-element-populated\">\n\t\t\t\t\t\t<div class=\"elementor-element elementor-element-1bee287 elementor-widget elementor-widget-heading\" data-id=\"1bee287\" data-element_type=\"widget\" data-e-type=\"widget\" data-widget_type=\"heading.default\">\n\t\t\t\t<div class=\"elementor-widget-container\">\n\t\t\t\t\t<h1 class=\"elementor-heading-title elementor-size-default\">Turridning<\/h1>\t\t\t\t<\/div>\n\t\t\t\t<\/div>\n\t\t\t\t\t<\/div>\n\t\t<\/div>\n\t\t\t\t\t<\/div>\n\t\t<\/section>\n\t\t\t\t<section class=\"elementor-section elementor-top-section elementor-element elementor-element-99a48b5 elementor-section-boxed elementor-section-height-default elementor-section-height-default\" data-id=\"99a48b5\" data-element_type=\"section\" data-e-type=\"section\">\n\t\t\t\t\t\t<div class=\"elementor-container elementor-column-gap-default\">\n\t\t\t\t\t<div class=\"elementor-column elementor-col-50 elementor-top-column elementor-element elementor-element-49961df\" data-id=\"49961df\" data-element_type=\"column\" data-e-type=\"column\">\n\t\t\t<div class=\"elementor-widget-wrap elementor-element-populated\">\n\t\t\t\t\t\t<div class=\"elementor-element elementor-element-12093cd elementor-widget elementor-widget-text-editor\" data-id=\"12093cd\" data-element_type=\"widget\" data-e-type=\"widget\" data-widget_type=\"text-editor.default\">\n\t\t\t\t<div class=\"elementor-widget-container\">\n\t\t\t\t\t\t\t\t\t<div id=\"main-2\"><p>Hos oss p\u00e5 Riiby G\u00e5rd Islandsh\u00e4star \u00e4r alla v\u00e4lkomna! Stor som liten, gammal som ung, van eller ovan. F\u00f6r att rida ut p\u00e5 tur och t\u00f6lta genom skogen i vackra Bergeforsen kan man som vuxen utan ridvana f\u00e5 en helt ny erfarenhet. Naturen fr\u00e5n h\u00e4st ryggen blir en n\u00e4stan \u00e4nnu starkare upplevelse. Om man inte kan eller vill rida, s\u00e5 kanske en promenad i v\u00e5r vackra natur kan locka? Man kan \u00e4ven stanna p\u00e5 g\u00e5rden och umg\u00e5s med alla djuren. Vi rider p\u00e5 sandstigar, grusv\u00e4gar, igenom storskog, \u00f6ver \u00e4ng, \u00f6ver stock och sten. Ja! vi har m\u00e4ngder med bra och trevliga ridv\u00e4gar. Vi rider alltid med minst en turledare. Du f\u00e5r l\u00e5na ridhj\u00e4lm av oss. Kl\u00e4der efter v\u00e4der och g\u00e4rna handskar eller fingervantar<\/p><\/div><p>H\u00e4starna vi rider p\u00e5 \u00e4r islandsh\u00e4star, alla med sin egen personlighet men gemensamt \u00e4r att de \u00e4r otroligt sn\u00e4lla, or\u00e4dda och l\u00e4ttridna. Vi har bedrivit turridning sedan 1997 och har under alla dessa \u00e5r arbetat upp en trygg och s\u00e4ker flock med turh\u00e4star. Vi ger givetvis instruktioner till alla s\u00e5 att ni ska f\u00e5 uppleva denna underbara g\u00e5ngart som \u00e4r s\u00e5 speciell f\u00f6r just islandsh\u00e4sten. Vi anpassar alla v\u00e5ra turer efter ryttarna (den med minst vana), v\u00e4dret och underlaget och givetvis vad som \u00e4r l\u00e4mpligast f\u00f6r h\u00e4starna.<\/p><p>Efter turen fikar vi i v\u00e4rmen i v\u00e5rat fina fik d\u00e4r har vi plats f\u00f6r ca 20 personer. Vi har ocks\u00e5 m\u00f6jlighet att erbjuda lunch och middag vid \u00f6nskem\u00e5l, beg\u00e4r menyf\u00f6rslag.<\/p><p>Vid bokning tala g\u00e4rna om er ridvana och f\u00f6rv\u00e4ntning s\u00e5 vi kan plocka ut l\u00e4mpliga h\u00e4star f\u00f6r er.<\/p>\t\t\t\t\t\t\t\t<\/div>\n\t\t\t\t<\/div>\n\t\t\t\t\t<\/div>\n\t\t<\/div>\n\t\t\t\t<div class=\"elementor-column elementor-col-50 elementor-top-column elementor-element elementor-element-d74dde0\" data-id=\"d74dde0\" data-element_type=\"column\" data-e-type=\"column\">\n\t\t\t<div class=\"elementor-widget-wrap elementor-element-populated\">\n\t\t\t\t\t\t<div class=\"elementor-element elementor-element-c47e564 elementor-widget elementor-widget-image\" data-id=\"c47e564\" data-element_type=\"widget\" data-e-type=\"widget\" data-widget_type=\"image.default\">\n\t\t\t\t<div class=\"elementor-widget-container\">\n\t\t\t\t\t\t\t\t\t\t\t\t\t\t\t<img fetchpriority=\"high\" decoding=\"async\" width=\"300\" height=\"212\" src=\"https:\/\/www.riibygard.se\/wp-content\/uploads\/2009\/12\/turridning.jpg\" class=\"attachment-large size-large wp-image-114\" alt=\"Turridning\" sizes=\"100vw\" \/>\t\t\t\t\t\t\t\t\t\t\t\t\t\t\t<\/div>\n\t\t\t\t<\/div>\n\t\t\t\t\t<\/div>\n\t\t<\/div>\n\t\t\t\t\t<\/div>\n\t\t<\/section>\n\t\t\t\t<\/div>\n\t\t","protected":false},"excerpt":{"rendered":"<p>Turridning Hos oss p\u00e5 Riiby G\u00e5rd Islandsh\u00e4star \u00e4r alla v\u00e4lkomna! Stor som liten, gammal som ung, van eller ovan. F\u00f6r att rida ut p\u00e5 tur och t\u00f6lta genom skogen i vackra Bergeforsen kan man som vuxen utan ridvana f\u00e5 en helt ny erfarenhet. Naturen fr\u00e5n h\u00e4st ryggen blir en n\u00e4stan \u00e4nnu starkare upplevelse. Om man &hellip; <\/p>\n<p class=\"link-more\"><a href=\"https:\/\/www.riibygard.se\/?page_id=10\" class=\"more-link\">Forts\u00e4tt l\u00e4sa<span class=\"screen-reader-text\"> \u201dTURRIDNING\u201d<\/span><\/a><\/p>\n","protected":false},"author":1,"featured_media":0,"parent":0,"menu_order":20,"comment_status":"closed","ping_status":"closed","template":"","meta":{"ngg_post_thumbnail":0,"footnotes":""},"class_list":["post-10","page","type-page","status-publish","hentry"],"_links":{"self":[{"href":"https:\/\/www.riibygard.se\/index.php?rest_route=\/wp\/v2\/pages\/10","targetHints":{"allow":["GET"]}}],"collection":[{"href":"https:\/\/www.riibygard.se\/index.php?rest_route=\/wp\/v2\/pages"}],"about":[{"href":"https:\/\/www.riibygard.se\/index.php?rest_route=\/wp\/v2\/types\/page"}],"author":[{"embeddable":true,"href":"https:\/\/www.riibygard.se\/index.php?rest_route=\/wp\/v2\/users\/1"}],"replies":[{"embeddable":true,"href":"https:\/\/www.riibygard.se\/index.php?rest_route=%2Fwp%2Fv2%2Fcomments&post=10"}],"version-history":[{"count":17,"href":"https:\/\/www.riibygard.se\/index.php?rest_route=\/wp\/v2\/pages\/10\/revisions"}],"predecessor-version":[{"id":2660,"href":"https:\/\/www.riibygard.se\/index.php?rest_route=\/wp\/v2\/pages\/10\/revisions\/2660"}],"wp:attachment":[{"href":"https:\/\/www.riibygard.se\/index.php?rest_route=%2Fwp%2Fv2%2Fmedia&parent=10"}],"curies":[{"name":"wp","href":"https:\/\/api.w.org\/{rel}","templated":true}]}}