{"id":133,"date":"2009-12-29T19:45:07","date_gmt":"2009-12-29T18:45:07","guid":{"rendered":"http:\/\/www.riibygard.se\/?page_id=133"},"modified":"2026-03-30T21:13:55","modified_gmt":"2026-03-30T19:13:55","slug":"lediga-platser-2011","status":"publish","type":"page","link":"https:\/\/www.riibygard.se\/?page_id=133","title":{"rendered":"Lediga platser 2026"},"content":{"rendered":"<p>\n\n<figure class=\"wp-block-table\">\n<table>\n<tbody>\n<tr>\n<td><strong>Vecka<\/strong><\/td>\n<td><strong>Lediga platser<\/strong><\/td>\n<td><strong>Info<\/strong><\/td>\n<\/tr>\n<tr>\n<td>25<\/td>\n<td>Dagridl\u00e4ger 15-17\/6 <strong>5platser kvar ! <\/strong><\/td>\n<td>&nbsp;Fr\u00e5n 6 \u00e5r<\/td>\n<\/tr>\n<tr>\n<td>26<\/td>\n<td>\u00d6vernattningsl\u00e4ger 21-26\/6<strong> 4platser kvar !<\/strong><\/td>\n<td>&nbsp;Fr\u00e5n 13 \u00e5r<\/td>\n<\/tr>\n<tr>\n<td>27<\/td>\n<td>Kortvecka<br \/>29\/6-1\/7<\/td>\n<td>Fr\u00e5n 10\u00e5r<\/td>\n<\/tr>\n<tr>\n<td>28<\/td>\n<td>\u00d6vernattningsl\u00e4ger 5-10\/7 2 <strong>Full !! <\/strong><\/td>\n<td>&nbsp;Fr\u00e5n 10 \u00e5r<\/td>\n<\/tr>\n<tr>\n<td>29<\/td>\n<td>\u00d6vernattningsl\u00e4ger 12-17\/7<b> <\/b><\/td>\n<td>&nbsp;Fr\u00e5n 10 \u00c5r&nbsp;<\/td>\n<\/tr>\n<tr>\n<td>30<\/td>\n<td>&nbsp;<\/td>\n<td>Fr\u00e5n 11 \u00e5r<\/td>\n<\/tr>\n<tr>\n<td>31<\/td>\n<td>Prova p\u00e5 \u00d6vernattning&nbsp; <b>&nbsp;<\/b><\/td>\n<td>Fr\u00e5n 10\u00e5r<\/td>\n<\/tr>\n<tr>\n<td>32<\/td>\n<td>Vuxenridl\u00e4ger<\/td>\n<td>&nbsp;Fr\u00e5n 18 \u00e5r<\/td>\n<\/tr>\n<tr>\n<td>33<\/td>\n<td>&nbsp;<\/td>\n<td>&nbsp;Fr\u00e5n 13 \u00e5r<\/td>\n<\/tr>\n<tr>\n<td>34<\/td>\n<td>Ridskolan startar<\/td>\n<td>&nbsp;<\/td>\n<\/tr>\n<\/tbody>\n<\/table>\n<figcaption class=\"wp-element-caption\">En h\u00e4rlig sommar med alla v\u00e4der och mycket skoj.<br \/>Nu n\u00e4rmar sig sommar 2026 hoppas ni \u00e4r lika pepp som vi \ud83d\ude42&nbsp;\n<p>&nbsp;<\/p>\n<p>&nbsp;<\/p>\n<\/figcaption>\n<\/figure>\n\n<\/p>\n<p>\n\n\n<\/p>\n<p>\n\n\n<\/p>\n<p>\n\n\n<\/p>\n<p>\n\n\n<\/p>\n<p>\n\n\n<\/p>\n<p>\n\n\n<\/p>","protected":false},"excerpt":{"rendered":"<p>Vecka Lediga platser Info 25 Dagridl\u00e4ger 15-17\/6 5platser kvar ! &nbsp;Fr\u00e5n 6 \u00e5r 26 \u00d6vernattningsl\u00e4ger 21-26\/6 4platser kvar ! &nbsp;Fr\u00e5n 13 \u00e5r 27 Kortvecka29\/6-1\/7 Fr\u00e5n 10\u00e5r 28 \u00d6vernattningsl\u00e4ger 5-10\/7 2 Full !! &nbsp;Fr\u00e5n 10 \u00e5r 29 \u00d6vernattningsl\u00e4ger 12-17\/7 &nbsp;Fr\u00e5n 10 \u00c5r&nbsp; 30 &nbsp; Fr\u00e5n 11 \u00e5r 31 Prova p\u00e5 \u00d6vernattning&nbsp; &nbsp; Fr\u00e5n 10\u00e5r 32 Vuxenridl\u00e4ger &hellip; <\/p>\n<p class=\"link-more\"><a href=\"https:\/\/www.riibygard.se\/?page_id=133\" class=\"more-link\">Forts\u00e4tt l\u00e4sa<span class=\"screen-reader-text\"> \u201dLediga platser 2026\u201d<\/span><\/a><\/p>\n","protected":false},"author":1,"featured_media":0,"parent":19,"menu_order":0,"comment_status":"closed","ping_status":"closed","template":"","meta":{"ngg_post_thumbnail":0,"footnotes":""},"class_list":["post-133","page","type-page","status-publish","hentry"],"_links":{"self":[{"href":"https:\/\/www.riibygard.se\/index.php?rest_route=\/wp\/v2\/pages\/133","targetHints":{"allow":["GET"]}}],"collection":[{"href":"https:\/\/www.riibygard.se\/index.php?rest_route=\/wp\/v2\/pages"}],"about":[{"href":"https:\/\/www.riibygard.se\/index.php?rest_route=\/wp\/v2\/types\/page"}],"author":[{"embeddable":true,"href":"https:\/\/www.riibygard.se\/index.php?rest_route=\/wp\/v2\/users\/1"}],"replies":[{"embeddable":true,"href":"https:\/\/www.riibygard.se\/index.php?rest_route=%2Fwp%2Fv2%2Fcomments&post=133"}],"version-history":[{"count":168,"href":"https:\/\/www.riibygard.se\/index.php?rest_route=\/wp\/v2\/pages\/133\/revisions"}],"predecessor-version":[{"id":2755,"href":"https:\/\/www.riibygard.se\/index.php?rest_route=\/wp\/v2\/pages\/133\/revisions\/2755"}],"up":[{"embeddable":true,"href":"https:\/\/www.riibygard.se\/index.php?rest_route=\/wp\/v2\/pages\/19"}],"wp:attachment":[{"href":"https:\/\/www.riibygard.se\/index.php?rest_route=%2Fwp%2Fv2%2Fmedia&parent=133"}],"curies":[{"name":"wp","href":"https:\/\/api.w.org\/{rel}","templated":true}]}}