{"id":29,"date":"2009-12-29T14:17:13","date_gmt":"2009-12-29T14:17:13","guid":{"rendered":"http:\/\/www.riibygard.se\/?page_id=29"},"modified":"2024-12-31T00:44:21","modified_gmt":"2024-12-30T23:44:21","slug":"nivaergrupper","status":"publish","type":"page","link":"https:\/\/www.riibygard.se\/?page_id=29","title":{"rendered":"Niv\u00e5er\/grupper"},"content":{"rendered":"<h2>Niv\u00e5er\/grupper<\/h2>\n<h3>Niv\u00e5 1<\/h3>\n<p>Jag har n\u00e4stan\/aldrig ridit. Jag har ridit enstaka turer i l\u00e5ngsamt tempo, men ej lektioner. Jag k\u00e4nner mig os\u00e4ker p\u00e5 h\u00e4stens delar. Sadlat och tr\u00e4nsat har jag aldrig\/ibland gjort.<\/p>\n<h3>Niv\u00e5 2<\/h3>\n<p>Jag har ridit fast f\u00f6r l\u00e4nge sedan. Jag kan de enklaste v\u00e4garna: r\u00e4tt upp snett igenom, volt tillbaka och de stora volterna. Jag har provat att t\u00f6lta\/trava eller ridit mycket p\u00e5 tur, lodr\u00e4tsits och tv\u00e5punktsits. Jag kan g\u00f6ra iordning min h\u00e4st f\u00f6re och efter lektion. alternativt: har g\u00e5tt ett \u00e5r i nyb\u00f6rjargrupp p\u00e5 Riiby G\u00e5rds ridskola.<\/p>\n<h3>Niv\u00e5 3<\/h3>\n<p>Jag kan ridv\u00e4garna. Jag kan sitta upp fr\u00e5n h\u00f6ger och v\u00e4nster sida. Jag klarar balans \u00f6vningar utan stigbyglar i skritt, t\u00f6lt och trav. Jag kan rida l\u00e4tt och byta diagonal. Jag har provat galoppera\/gjort galoppfattning. Jag vet vad st\u00e4llning, halvhalt, takt och tempo \u00e4r. Jag har b\u00f6rjat med \u00f6vningar mot sk\u00e4nkelvikningar och kan rida en korrekt 10 och 20 m volt i skritt. Jag har provat att hoppa.<\/p>\n<h3>Niv\u00e5 4<\/h3>\n<p>Jag kan rida t\u00f6lt och trav p\u00e5 volt. Har ridit sk\u00e4nkelvikning l\u00e4ngs med sargen och \u00f6ver diagonalen i skritt. Jag b\u00f6rjar kunna forma h\u00e4sten. Jag k\u00e4nner taktfel i t\u00f6lt. Jag vet vad l\u00f6sg\u00f6rande och samlande arbete \u00e4r. Jag kan fatta h\u00f6ger \/ v\u00e4nster galopp och se eller k\u00e4nns skillnaden. Jag har ev b\u00f6rjat med \u00f6ppna eller bakdelsv\u00e4ndning. Jag har hoppat.<\/p>\n<h3>Niv\u00e5 5<\/h3>\n<p>Jag beh\u00e4rskar grundg\u00e5ngarterna och t\u00f6lt. K\u00e4nner skillnad mellan en passtaktig \/ travtaktig h\u00e4st. Har verktyg att korrigera takt problem. Kan rida t\u00f6lt \/ trav utan stigbyglar. Kan rida skritt \/ t\u00f6lt \/ trav p\u00e5 volt. Har arbetat i framdelsv\u00e4ndning, sk\u00e4nkelvikning. Jag kan forma h\u00e4sten i skritt och t\u00f6lt. Jobbar i skolorna \u00f6ppna och sluta. Jag har hoppat.<\/p>\n","protected":false},"excerpt":{"rendered":"<p>Niv\u00e5er\/grupper Niv\u00e5 1 Jag har n\u00e4stan\/aldrig ridit. Jag har ridit enstaka turer i l\u00e5ngsamt tempo, men ej lektioner. Jag k\u00e4nner mig os\u00e4ker p\u00e5 h\u00e4stens delar. Sadlat och tr\u00e4nsat har jag aldrig\/ibland gjort. Niv\u00e5 2 Jag har ridit fast f\u00f6r l\u00e4nge sedan. Jag kan de enklaste v\u00e4garna: r\u00e4tt upp snett igenom, volt tillbaka och de stora &hellip; <\/p>\n<p class=\"link-more\"><a href=\"https:\/\/www.riibygard.se\/?page_id=29\" class=\"more-link\">Forts\u00e4tt l\u00e4sa<span class=\"screen-reader-text\"> \u201dNiv\u00e5er\/grupper\u201d<\/span><\/a><\/p>\n","protected":false},"author":1,"featured_media":0,"parent":8,"menu_order":10,"comment_status":"closed","ping_status":"open","template":"","meta":{"ngg_post_thumbnail":0,"footnotes":""},"class_list":["post-29","page","type-page","status-publish","hentry"],"_links":{"self":[{"href":"https:\/\/www.riibygard.se\/index.php?rest_route=\/wp\/v2\/pages\/29","targetHints":{"allow":["GET"]}}],"collection":[{"href":"https:\/\/www.riibygard.se\/index.php?rest_route=\/wp\/v2\/pages"}],"about":[{"href":"https:\/\/www.riibygard.se\/index.php?rest_route=\/wp\/v2\/types\/page"}],"author":[{"embeddable":true,"href":"https:\/\/www.riibygard.se\/index.php?rest_route=\/wp\/v2\/users\/1"}],"replies":[{"embeddable":true,"href":"https:\/\/www.riibygard.se\/index.php?rest_route=%2Fwp%2Fv2%2Fcomments&post=29"}],"version-history":[{"count":10,"href":"https:\/\/www.riibygard.se\/index.php?rest_route=\/wp\/v2\/pages\/29\/revisions"}],"predecessor-version":[{"id":2248,"href":"https:\/\/www.riibygard.se\/index.php?rest_route=\/wp\/v2\/pages\/29\/revisions\/2248"}],"up":[{"embeddable":true,"href":"https:\/\/www.riibygard.se\/index.php?rest_route=\/wp\/v2\/pages\/8"}],"wp:attachment":[{"href":"https:\/\/www.riibygard.se\/index.php?rest_route=%2Fwp%2Fv2%2Fmedia&parent=29"}],"curies":[{"name":"wp","href":"https:\/\/api.w.org\/{rel}","templated":true}]}}