{"id":34,"date":"2009-12-29T14:18:19","date_gmt":"2009-12-29T14:18:19","guid":{"rendered":"http:\/\/www.riibygard.se\/?page_id=34"},"modified":"2022-03-19T12:53:15","modified_gmt":"2022-03-19T11:53:15","slug":"ridskoleschema","status":"publish","type":"page","link":"https:\/\/www.riibygard.se\/?page_id=34","title":{"rendered":"Ridskoleschema"},"content":{"rendered":"\t\t<div data-elementor-type=\"wp-page\" data-elementor-id=\"34\" class=\"elementor elementor-34\">\n\t\t\t\t\t\t<section class=\"elementor-section elementor-top-section elementor-element elementor-element-7dfe30e elementor-section-boxed elementor-section-height-default elementor-section-height-default\" data-id=\"7dfe30e\" data-element_type=\"section\" data-e-type=\"section\">\n\t\t\t\t\t\t<div class=\"elementor-container elementor-column-gap-default\">\n\t\t\t\t\t<div class=\"elementor-column elementor-col-100 elementor-top-column elementor-element elementor-element-44d67e8\" data-id=\"44d67e8\" data-element_type=\"column\" data-e-type=\"column\">\n\t\t\t<div class=\"elementor-widget-wrap elementor-element-populated\">\n\t\t\t\t\t\t<div class=\"elementor-element elementor-element-a1a31ad elementor-widget elementor-widget-heading\" data-id=\"a1a31ad\" data-element_type=\"widget\" data-e-type=\"widget\" data-widget_type=\"heading.default\">\n\t\t\t\t<div class=\"elementor-widget-container\">\n\t\t\t\t\t<h2 class=\"elementor-heading-title elementor-size-default\">Riskoleschema<\/h2>\t\t\t\t<\/div>\n\t\t\t\t<\/div>\n\t\t\t\t\t<\/div>\n\t\t<\/div>\n\t\t\t\t\t<\/div>\n\t\t<\/section>\n\t\t\t\t<section class=\"elementor-section elementor-top-section elementor-element elementor-element-45e8e0cf elementor-section-boxed elementor-section-height-default elementor-section-height-default\" data-id=\"45e8e0cf\" data-element_type=\"section\" data-e-type=\"section\">\n\t\t\t\t\t\t<div class=\"elementor-container elementor-column-gap-default\">\n\t\t\t\t\t<div class=\"elementor-column elementor-col-100 elementor-top-column elementor-element elementor-element-24dd1428\" data-id=\"24dd1428\" data-element_type=\"column\" data-e-type=\"column\">\n\t\t\t<div class=\"elementor-widget-wrap elementor-element-populated\">\n\t\t\t\t\t\t<div class=\"elementor-element elementor-element-5f36023e elementor-widget elementor-widget-text-editor\" data-id=\"5f36023e\" data-element_type=\"widget\" data-e-type=\"widget\" data-widget_type=\"text-editor.default\">\n\t\t\t\t<div class=\"elementor-widget-container\">\n\t\t\t\t\t\t\t\t\t<table style=\"height: 226px;\" width=\"539\">\n<thead>\n<tr>\n<th style=\"text-align: left;\">Tid<\/th>\n<th style=\"text-align: left;\">M\u00e5ndag<\/th>\n<th style=\"text-align: left;\">Tid<\/th>\n<th style=\"text-align: left;\">Tisdag<\/th>\n<th style=\"text-align: left;\">Onsdag<\/th>\n<th style=\"text-align: left;\">Tid<\/th>\n<th style=\"text-align: left;\">Torsdag<\/th>\n<th style=\"text-align: left;\">Tid<\/th>\n<th style=\"text-align: left;\">Fredag<\/th>\n<\/tr>\n<\/thead>\n<tbody>\n<tr>\n<td>16.40<\/td>\n<td>Barn<\/td>\n<td>16,30<\/td>\n<td>Ridlekis<\/td>\n<td>Ridlekis<\/td>\n<td>16,30<\/td>\n<td>Ridlekis<\/td>\n<td>16.00<\/td>\n<td>Ridlekis<\/td>\n<\/tr>\n<tr>\n<td>17,20<\/td>\n<td>Tr\u00e4nings<br \/>Gruppen<\/td>\n<td>17.20<\/td>\n<td>Ungdom<br \/>Viktoria<\/td>\n<td>Tr\u00e4nings<br \/>Gruppen<\/td>\n<td>17.20<\/td>\n<td>Ridlekis<\/td>\n<td>17,30<\/td>\n<td>Barn<\/td>\n<\/tr>\n<tr>\n<td>18.10<\/td>\n<td>Ungdom<br \/>\u00a0<\/td>\n<td>18.10<\/td>\n<td>Barn<\/td>\n<td>Vuxna<br \/>Viktoria<\/td>\n<td>18.00<\/td>\n<td>\u00a0Vuxna\u00a0<\/td>\n<td>18,20<\/td>\n<td>Barn<\/td>\n<\/tr>\n<tr>\n<td>19,00<\/td>\n<td>Vuxna<\/td>\n<td>19.00<\/td>\n<td>\u00a0Vuxna<\/td>\n<td>\u00a0Ungdom<br \/><br \/><\/td>\n<td>\u00a018.50<\/td>\n<td>\u00a0Vuxna<\/td>\n<td>\u00a0<\/td>\n<td>\u00a0<\/td>\n<\/tr>\n<\/tbody>\n<\/table>\n<p>19,50\u00a0 Vuxna\u00a0 \u00a0 \u00a0 \u00a0 19,50\u00a0 \u00a0Vuxna\u00a0 \u00a0 \u00a0 \u00a0 \u00a0 \u00a0 \u00a0 \u00a0 \u00a0 \u00a0 \u00a0 \u00a0 \u00a0 \u00a0 \u00a0 \u00a019,40\u00a0 \u00a0 Vuxna <\/p><\/div><\/div><\/div><\/div><\/div><\/section><\/div> <a href=\"https:\/\/www.riibygard.se\/?page_id=34#more-34\" class=\"more-link elementor-more-link\"><span aria-label=\"Forts\u00e4tt l\u00e4sa Ridskoleschema\">(mer&hellip;)<\/span><\/a>","protected":false},"excerpt":{"rendered":"<p>Riskoleschema Tid M\u00e5ndag Tid Tisdag Onsdag Tid Torsdag Tid Fredag 16.40 Barn 16,30 Ridlekis Ridlekis 16,30 Ridlekis 16.00 Ridlekis 17,20 Tr\u00e4ningsGruppen 17.20 UngdomViktoria Tr\u00e4ningsGruppen 17.20 Ridlekis 17,30 Barn 18.10 Ungdom\u00a0 18.10 Barn VuxnaViktoria 18.00 \u00a0Vuxna\u00a0 18,20 Barn 19,00 Vuxna 19.00 \u00a0Vuxna \u00a0Ungdom \u00a018.50 \u00a0Vuxna \u00a0 \u00a0 19,50\u00a0 Vuxna\u00a0 \u00a0 \u00a0 \u00a0 19,50\u00a0 \u00a0Vuxna\u00a0 \u00a0 \u00a0 &hellip; <\/p>\n<p class=\"link-more\"><a href=\"https:\/\/www.riibygard.se\/?page_id=34\" class=\"more-link\">Forts\u00e4tt l\u00e4sa<span class=\"screen-reader-text\"> \u201dRidskoleschema\u201d<\/span><\/a><\/p>\n","protected":false},"author":1,"featured_media":0,"parent":8,"menu_order":30,"comment_status":"closed","ping_status":"open","template":"","meta":{"ngg_post_thumbnail":0,"footnotes":""},"class_list":["post-34","page","type-page","status-publish","hentry"],"_links":{"self":[{"href":"https:\/\/www.riibygard.se\/index.php?rest_route=\/wp\/v2\/pages\/34","targetHints":{"allow":["GET"]}}],"collection":[{"href":"https:\/\/www.riibygard.se\/index.php?rest_route=\/wp\/v2\/pages"}],"about":[{"href":"https:\/\/www.riibygard.se\/index.php?rest_route=\/wp\/v2\/types\/page"}],"author":[{"embeddable":true,"href":"https:\/\/www.riibygard.se\/index.php?rest_route=\/wp\/v2\/users\/1"}],"replies":[{"embeddable":true,"href":"https:\/\/www.riibygard.se\/index.php?rest_route=%2Fwp%2Fv2%2Fcomments&post=34"}],"version-history":[{"count":33,"href":"https:\/\/www.riibygard.se\/index.php?rest_route=\/wp\/v2\/pages\/34\/revisions"}],"predecessor-version":[{"id":2267,"href":"https:\/\/www.riibygard.se\/index.php?rest_route=\/wp\/v2\/pages\/34\/revisions\/2267"}],"up":[{"embeddable":true,"href":"https:\/\/www.riibygard.se\/index.php?rest_route=\/wp\/v2\/pages\/8"}],"wp:attachment":[{"href":"https:\/\/www.riibygard.se\/index.php?rest_route=%2Fwp%2Fv2%2Fmedia&parent=34"}],"curies":[{"name":"wp","href":"https:\/\/api.w.org\/{rel}","templated":true}]}}